{"id":42,"date":"2013-05-07T17:20:30","date_gmt":"2013-05-07T16:20:30","guid":{"rendered":"https:\/\/blocs.tinet.cat\/labicidelalbert\/?page_id=42"},"modified":"2013-05-23T18:12:06","modified_gmt":"2013-05-23T17:12:06","slug":"detalls-tecnics","status":"publish","type":"page","link":"https:\/\/blocs.tinet.cat\/labicidelalbert\/detalls-tecnics-2\/detalls-tecnics\/","title":{"rendered":"GPS &#8211; Navegaci\u00f3"},"content":{"rendered":"<p>La BTT s&#8217;ha beneficiat enormement de la popularitzaci\u00f3 dels GPS combinats amb la compartici\u00f3 de rutes mitjan\u00e7ant internet.<br \/>\nSi no coneixes una zona determinada ja no cal que t&#8217;acompanyi ning\u00fa &#8220;de la terra&#8221;, nom\u00e9s cal tenir un GPS i buscar a les p\u00e0gines adequades d&#8217;internet algun trajecte que s&#8217;adapti al que busques.<br \/>\nI normalment l&#8217;\u00e8xit est\u00e0 garantit.<\/p>\n<p><a rel=\"attachment wp-att-52\" href=\"https:\/\/blocs.tinet.cat\/labicidelalbert\/detalls-tecnics-2\/detalls-tecnics\/wikiloc\/\"><img loading=\"lazy\" decoding=\"async\" class=\"alignleft size-large wp-image-52\" src=\"https:\/\/blocs.tinet.cat\/labicidelalbert\/files\/2013\/05\/wikiloc-1024x679.jpg\" alt=\"\" width=\"640\" height=\"424\" srcset=\"https:\/\/blocs.tinet.cat\/labicidelalbert\/files\/2013\/05\/wikiloc-1024x679.jpg 1024w, https:\/\/blocs.tinet.cat\/labicidelalbert\/files\/2013\/05\/wikiloc-300x199.jpg 300w, https:\/\/blocs.tinet.cat\/labicidelalbert\/files\/2013\/05\/wikiloc.jpg 1166w\" sizes=\"auto, (max-width: 640px) 100vw, 640px\" \/><\/a><\/p>\n<p>&nbsp;<\/p>\n<p>&nbsp;<\/p>\n<p>&nbsp;<\/p>\n<p><strong><a href=\"http:\/\/www.ibpindex.com\/index.asp\" target=\"_blank\">IBP<\/a> <\/strong><strong><a href=\"http:\/\/www.ibpindex.com\/index.asp\" target=\"_blank\">\u00cdndex<\/a><\/strong><\/p>\n<p>L&#8217;\u00cdndex IBP es una puntuaci\u00f3 que valora el grau de dificultat d&#8217;una ruta en bicicleta (Muntanya o Carretera).<\/p>\n<p>S&#8217;obt\u00e9 analitzant les dades de latitud, longitud i al\u00e7ada en multitud de punts del recorregut.<\/p>\n<p>Aquests punts s&#8217;obtenen del track gravat amb el GPS, que els recull de manera autom\u00e0tica amb una cad\u00e8ncia aproximada d&#8217;entre 20 i 40 punts per quil\u00f2metre en funci\u00f3 de les variacions del terreny i els canvis de direcci\u00f3.<\/p>\n<p>A partir de aquests punts es calculen les distancies recorregudes en els diferents trams de pujada i baixada (1%, 2%, 3% etc\u2026) es computen els % que representen sobre el total, els metres totals pujats, baixats, els ratis mitjans de pujada i de baixada, els quil\u00f2metres totals, i la distribuci\u00f3 dels trams de pujada. Tamb\u00e9 es tenen en compte els canvis de direcci\u00f3 vertical i horitzontal i l&#8217;al\u00e7ada per on va el recorregut.<\/p>\n<p>L&#8217;\u00edndex es \u00fatil per poder con\u00e8ixer el grau de dificultat de diferents rutes comparant-les entre s\u00ed, al ser una escala entre 0 i \u221e (infinit) el valor ser\u00e0 significatiu per a cadasc\u00fa.<\/p>\n<p>En el seg\u00fcent exemple comparem les dades habitual de qu\u00e8 disposem de dues rutes amb dificultat desigual.<br \/>\nLes dades de les que disposem normalment s\u00f3n:<\/p>\n<table id=\"table127\" border=\"1\" cellspacing=\"0\" cellpadding=\"0\" width=\"473\">\n<tbody>\n<tr>\n<td width=\"138\"><\/td>\n<td width=\"139\"><strong> track 1<\/strong><\/td>\n<td width=\"139\"><strong> track 2<\/strong><\/td>\n<\/tr>\n<tr>\n<td width=\"138\">dist\u00e0ncia:<\/td>\n<td width=\"139\">63,02 km.<\/td>\n<td width=\"139\">27,02 km.<\/td>\n<\/tr>\n<tr>\n<td width=\"138\">metres acumulats:<\/td>\n<td width=\"139\">785 m.<\/td>\n<td width=\"139\">735 m.<\/td>\n<\/tr>\n<\/tbody>\n<\/table>\n<p>Aquesta comparan\u00e7a ens anima a creure que el track &#8220;1&#8221; \u00e9s m\u00e9s dur que el track &#8220;2&#8221;, no en va s\u00f3n m\u00e9s del doble de km i alguns metres m\u00e9s de desnivell acumulat.<\/p>\n<p>Per\u00f2 a l&#8217;analitzar-los podem observar, entre altres coses, que al track &#8220;1&#8221; estem pujant el 35% del total dels km, amb una pendent mitjana del 3,5%, mentre que al track &#8220;2&#8221; pugem el 42,7 % del total dels km amb una pendent mitjana del 6,3%<\/p>\n<p>L&#8217;\u00edndex IBP ens revela una duresa significativament superior en el track 2<\/p>\n<table id=\"table128\" border=\"1\" cellspacing=\"0\" cellpadding=\"0\" width=\"422\">\n<tbody>\n<tr>\n<td width=\"140\"><\/td>\n<td width=\"140\"><strong> track 1<\/strong><\/td>\n<td width=\"140\"><strong> track 2<\/strong><\/td>\n<\/tr>\n<tr>\n<td width=\"140\"><strong>IBP<\/strong><\/td>\n<td width=\"140\">53 CC<\/td>\n<td width=\"140\">63 AA<\/td>\n<\/tr>\n<\/tbody>\n<\/table>\n<p><img decoding=\"async\" src=\"http:\/\/web.ibpindex.com\/images\/stories\/ejemplo1_1.gif\" alt=\"\" \/><br \/>\n<img decoding=\"async\" src=\"http:\/\/web.ibpindex.com\/images\/stories\/ejemplo1_2.gif\" alt=\"\" \/><br \/>\n<img decoding=\"async\" src=\"http:\/\/web.ibpindex.com\/images\/stories\/ejemplo1_3.gif\" alt=\"\" \/><br \/>\n<img decoding=\"async\" src=\"http:\/\/web.ibpindex.com\/images\/stories\/ejemplo1_4.gif\" alt=\"\" \/><\/p>\n","protected":false},"excerpt":{"rendered":"<p>La BTT s&#8217;ha beneficiat enormement de la popularitzaci\u00f3 dels GPS combinats amb la compartici\u00f3 de rutes mitjan\u00e7ant internet. Si no coneixes una zona determinada ja no cal que t&#8217;acompanyi ning\u00fa &#8220;de la terra&#8221;, nom\u00e9s cal tenir un GPS i buscar &hellip; <a href=\"https:\/\/blocs.tinet.cat\/labicidelalbert\/detalls-tecnics-2\/detalls-tecnics\/\">Continua llegint <span class=\"meta-nav\">&rarr;<\/span><\/a><\/p>\n","protected":false},"author":54,"featured_media":0,"parent":104,"menu_order":0,"comment_status":"open","ping_status":"open","template":"","meta":{"footnotes":""},"class_list":["post-42","page","type-page","status-publish","hentry"],"_links":{"self":[{"href":"https:\/\/blocs.tinet.cat\/labicidelalbert\/wp-json\/wp\/v2\/pages\/42","targetHints":{"allow":["GET"]}}],"collection":[{"href":"https:\/\/blocs.tinet.cat\/labicidelalbert\/wp-json\/wp\/v2\/pages"}],"about":[{"href":"https:\/\/blocs.tinet.cat\/labicidelalbert\/wp-json\/wp\/v2\/types\/page"}],"author":[{"embeddable":true,"href":"https:\/\/blocs.tinet.cat\/labicidelalbert\/wp-json\/wp\/v2\/users\/54"}],"replies":[{"embeddable":true,"href":"https:\/\/blocs.tinet.cat\/labicidelalbert\/wp-json\/wp\/v2\/comments?post=42"}],"version-history":[{"count":0,"href":"https:\/\/blocs.tinet.cat\/labicidelalbert\/wp-json\/wp\/v2\/pages\/42\/revisions"}],"up":[{"embeddable":true,"href":"https:\/\/blocs.tinet.cat\/labicidelalbert\/wp-json\/wp\/v2\/pages\/104"}],"wp:attachment":[{"href":"https:\/\/blocs.tinet.cat\/labicidelalbert\/wp-json\/wp\/v2\/media?parent=42"}],"curies":[{"name":"wp","href":"https:\/\/api.w.org\/{rel}","templated":true}]}}