{"id":2,"date":"2010-11-12T12:39:43","date_gmt":"2010-11-12T12:39:43","guid":{"rendered":"http:\/\/wpblocs.tinet.cat\/plantilla\/?page_id=2"},"modified":"2011-09-15T14:55:00","modified_gmt":"2011-09-15T14:55:00","slug":"quant-a","status":"publish","type":"page","link":"https:\/\/blocs.tinet.cat\/desdelsenyilarauxa\/quant-a\/","title":{"rendered":"Qui s\u00f3c!"},"content":{"rendered":"<p style=\"text-align: justify\">Encara que no m&#8217;agrada massa exhibir-me, penso que haur\u00e9 de correspondre a la curiositat i al dret de qui accedeix al meu web de saber qui escriu tantes bajanades. Voldria que no us qued\u00e9ssiu amb qui escriu el que llegiu, sin\u00f3 m\u00e9s aviat en el qu\u00e8 es diu, per\u00f2 perqu\u00e8 veieu que fa temps que vaig perdre la por (ja estic de tornada de gaireb\u00e9 tot), us deixo la meva foto. Ja m&#8217;agradaria ser m\u00e9s maco pel gaudi dels vostres ulls, per\u00f2 en aix\u00f2 no us hi puc fer res.<\/p>\n<p style=\"text-align: justify\">Salut<\/p>\n<p style=\"text-align: justify\"><a rel=\"attachment wp-att-174\" href=\"https:\/\/blocs.tinet.cat\/desdelsenyilarauxa\/quant-a\/jo%20mateix-5\/\"><\/a><a rel=\"attachment wp-att-175\" href=\"https:\/\/blocs.tinet.cat\/desdelsenyilarauxa\/quant-a\/jmcf\/\"><img loading=\"lazy\" decoding=\"async\" class=\"alignleft size-thumbnail wp-image-175\" src=\"https:\/\/blocs.tinet.cat\/desdelsenyilarauxa\/files\/2010\/11\/jmcf-150x150.jpg\" alt=\"\" width=\"150\" height=\"150\" \/><\/a><a rel=\"attachment wp-att-172\" href=\"https:\/\/blocs.tinet.cat\/desdelsenyilarauxa\/quant-a\/jo%20mateix-3\/\"><\/a><\/p>\n","protected":false},"excerpt":{"rendered":"<p>Encara que no m&#8217;agrada massa exhibir-me, penso que haur\u00e9 de correspondre a la curiositat i al dret de qui accedeix al meu web de saber qui escriu tantes bajanades. Voldria que no us qued\u00e9ssiu amb qui escriu el que llegiu, &hellip; <a href=\"https:\/\/blocs.tinet.cat\/desdelsenyilarauxa\/quant-a\/\">Continua llegint <span class=\"meta-nav\">&rarr;<\/span><\/a><\/p>\n","protected":false},"author":1,"featured_media":0,"parent":0,"menu_order":0,"comment_status":"open","ping_status":"open","template":"","meta":{"footnotes":""},"class_list":["post-2","page","type-page","status-publish","hentry"],"_links":{"self":[{"href":"https:\/\/blocs.tinet.cat\/desdelsenyilarauxa\/wp-json\/wp\/v2\/pages\/2","targetHints":{"allow":["GET"]}}],"collection":[{"href":"https:\/\/blocs.tinet.cat\/desdelsenyilarauxa\/wp-json\/wp\/v2\/pages"}],"about":[{"href":"https:\/\/blocs.tinet.cat\/desdelsenyilarauxa\/wp-json\/wp\/v2\/types\/page"}],"author":[{"embeddable":true,"href":"https:\/\/blocs.tinet.cat\/desdelsenyilarauxa\/wp-json\/wp\/v2\/users\/1"}],"replies":[{"embeddable":true,"href":"https:\/\/blocs.tinet.cat\/desdelsenyilarauxa\/wp-json\/wp\/v2\/comments?post=2"}],"version-history":[{"count":0,"href":"https:\/\/blocs.tinet.cat\/desdelsenyilarauxa\/wp-json\/wp\/v2\/pages\/2\/revisions"}],"wp:attachment":[{"href":"https:\/\/blocs.tinet.cat\/desdelsenyilarauxa\/wp-json\/wp\/v2\/media?parent=2"}],"curies":[{"name":"wp","href":"https:\/\/api.w.org\/{rel}","templated":true}]}}