{"id":128,"date":"2011-04-29T06:59:12","date_gmt":"2011-04-29T04:59:12","guid":{"rendered":"https:\/\/blocs.tinet.cat\/bandolers\/?page_id=128"},"modified":"2025-10-25T12:03:11","modified_gmt":"2025-10-25T10:03:11","slug":"bibliografia","status":"publish","type":"page","link":"https:\/\/blocs.tinet.cat\/bandolers\/bibliografia\/","title":{"rendered":"Bibliografia"},"content":{"rendered":"<p>&nbsp;<\/p>\n<p style=\"text-align: justify\"><a href=\"http:\/\/vallfogona.usuaris.net\/\">Rector de Vallfogona<\/a>,\u00a0Dr.Francesc\u00a0Vicent\u00a0Garcia(1579-1623)<\/p>\n<p style=\"text-align: justify\"><a href=\"http:\/\/vallfogona.usuaris.net\/electronic.htm\">Edici\u00f3 digital<\/a>, Dr.Francesc\u00a0Vicent\u00a0Garcia(1579-1623)<\/p>\n<p style=\"text-align: justify\"><a href=\"http:\/\/www.tinet.cat\/portal\/uploads\/Tirant_lo_Blanc_-_Joanot_Martorell_20110421175057.pdf\">Tirant_lo_Blanc_-_Joanot_Martorell_<\/a> (Tinet)<\/p>\n<p style=\"text-align: justify\"><a href=\"http:\/\/www.archive.org\/stream\/perotrocaguinard00soleuoft#page\/n7\/mode\/2up\">Perot Roca Guinarda&#8221; Hist\u00f2ria d&#8217;aquest bandoler &#8220;<\/a>, de Lluis M. Soler i Ter\u00f3l 1909<\/p>\n<p style=\"text-align: justify\"><a href=\"http:\/\/soltorres.udl.cat\/jspui\/bitstream\/10459\/1100\/1\/AROM-2-0055.pdf\">Joan de Serrallonga<\/a>, Hist\u00f2ria escrita en trovos<\/p>\n<p><a href=\"http:\/\/www.archive.org\/stream\/donjuandeserrall00bala#page\/n3\/mode\/2up\">Don Juan de Serrallonga o los Bandoleros de la Guillerias<\/a>&#8221; de Victor Balaguer 1858<\/p>\n<p style=\"text-align: justify\">&#8220;<a href=\"http:\/\/www.archive.org\/stream\/labanderadelamu00altagoog#page\/n8\/mode\/2up\">La bandera de la muerte<\/a>&#8221;\u00a0de Victor Balaguer 1859<\/p>\n<p style=\"text-align: justify\"><a href=\"http:\/\/hdl.handle.net\/10459\/2912\">Esquadras de Catalunya <\/a>,Ortega i Espin\u00f3s, Jos\u00e9, 1815-1875<\/p>\n<p style=\"text-align: justify\"><a href=\"https:\/\/blocs.tinet.cat\/bandolers\/files\/2011\/03\/Esqudres-de-Catalunya.pdf\">&#8220;La\u00a0Pera&#8221;<\/a>.Ortega i Espin\u00f3s, Jos\u00e9, 1815-1875<\/p>\n<p style=\"text-align: justify\"><span style=\"color: #000000;font-size: 18px;line-height: 27px\"><a href=\"http:\/\/cvc.cervantes.es\/obref\/quijote\/edicion\/parte2\/cap60\/default.htm#arriba\">Cervantes,Don Quijote de la Mancha\/parte2\/cap60\/<\/a><\/span><\/p>\n<h3><a href=\"http:\/\/cvc.cervantes.es\/obref\/quijote\/edicion\/parte2\/cap61\/default.htm#arriba\">Cervantes.Don Quijote de la Mancha \/parte2\/cap61\/<\/a><\/h3>\n<p><a href=\"http:\/\/soltorres.udl.cat\/jspui\/bitstream\/10459\/1077\/1\/AROM-2-0031.pdf\">CAN-CAN Carlista i Lamentos del poble Espanyol<\/a><\/p>\n<p><a href=\"http:\/\/www.ale.uji.es\/ollesca.htm\">L&#8217;Escanyapobres. Narc\u00eds Oller<\/a><\/p>\n<p><a href=\"http:\/\/www.enciclopedia.cat\/fitxa_v2.jsp?NDCHEC=0064390\">&#8220;Enciclop\u00e8dia.cat&#8221;<\/a><\/p>\n<div>\n<h3>La Guerra dels Matiners (1846-1849)\u00a0Robert Vallverd\u00fa i Marti<\/h3>\n<p>Biblioteca Abat Oliva ( publicacions abadia de Montserrat )<\/p>\n<\/div>\n<p><a href=\"https:\/\/blocs.tinet.cat\/bandolers\/files\/2011\/03\/FrancescMacia.pdf\">El president Macia i el parlament de Catalunya<\/a><\/p>\n<p style=\"text-align: justify\"><a href=\"http:\/\/relatsencatala.cat\/relat\/boquica\/41481\">Boquica<em> de Xavier Valeri<\/em><\/a><em> , relats en catal\u00e0<\/em><\/p>\n<p style=\"text-align: justify\"><a href=\"http:\/\/relatsencatala.cat\/relat\/romanc-de-la-mort-den-pere-joan-sala\/980827\">Roman\u00e7 de la mort d&#8217;en Pere Joan Sala\u00a0<em>de miquel<\/em><\/a> <em>relats en catal\u00e0<\/em><\/p>\n<p style=\"text-align: justify\"><em><a href=\"http:\/\/www.bsolot.info\/wp-content\/uploads\/2011\/04\/Hessel_Stephane-Indigneu_vos1.pdf\">Indigneu-vos<\/a> St\u00e9phane Hessel<br \/>\n<\/em><\/p>\n<p style=\"text-align: justify\"><em><a href=\"https:\/\/blocs.tinet.cat\/bandolers\/files\/2012\/06\/La-crisi-capitalista.pdf\">La crisi capitalista<\/a> (Endavant)<\/em><\/p>\n<div>\n<p style=\"width: 420px;text-align: left\"><em><a href=\"http:\/\/www.sapiens.cat\/ca\/300-anys-d-espoli.php\">300 anys d&#8217;espoli<\/a> Sapiens publicacions<\/em><\/p>\n<\/div>\n<p style=\"text-align: justify\"><em><a href=\"https:\/\/blocs.tinet.cat\/bandolers\/files\/2013\/05\/Llenguaperseguida.pdf\">Llengua perseguida <\/a>CCN<\/em><\/p>\n<p style=\"text-align: justify\"><em><a href=\"https:\/\/spanishpolice.github.io\/\">1 octubre 2017&gt;<\/a><\/em><\/p>\n<p style=\"text-align: justify\"><em><a href=\"http:\/\/www.poderjudicial.es\/cgpj\/es\/Poder-Judicial\/Noticias-Judiciales\/El-Tribunal-Supremo-condena-a-nueve-de-los-procesados-en-la-causa-especial-20907-2017-por-delito-de-sedicion\">Sent\u00e8ncia del proc\u00e9s<\/a><\/em><\/p>\n<p style=\"text-align: justify\"><em><a href=\"https:\/\/www.upf.edu\/documents\/2846463\/7017093\/corrupciopolitica.pdf\/f0a12919-4232-4e94-1a61-7a0e2ec80ebb\">Estudi de la corrupci\u00f3 pl\u00edtica<\/a> (Priscil.la Balsera L\u00f3pez)<br \/>\n<\/em><\/p>\n<p>Bocanegra,\u00a0 Ignasi Serrahima<\/p>\n<p>&nbsp;<\/p>\n","protected":false},"excerpt":{"rendered":"<p>&nbsp; Rector de Vallfogona,\u00a0Dr.Francesc\u00a0Vicent\u00a0Garcia(1579-1623) Edici\u00f3 digital, Dr.Francesc\u00a0Vicent\u00a0Garcia(1579-1623) Tirant_lo_Blanc_-_Joanot_Martorell_ (Tinet) Perot Roca Guinarda&#8221; Hist\u00f2ria d&#8217;aquest bandoler &#8220;, de Lluis M. Soler i Ter\u00f3l 1909 Joan de Serrallonga, Hist\u00f2ria escrita en trovos Don Juan de Serrallonga o los Bandoleros de la Guillerias&#8221; &hellip; <a href=\"https:\/\/blocs.tinet.cat\/bandolers\/bibliografia\/\">Continua llegint <span class=\"meta-nav\">&rarr;<\/span><\/a><\/p>\n","protected":false},"author":182,"featured_media":0,"parent":0,"menu_order":13,"comment_status":"closed","ping_status":"closed","template":"","meta":{"footnotes":""},"class_list":["post-128","page","type-page","status-publish","hentry"],"_links":{"self":[{"href":"https:\/\/blocs.tinet.cat\/bandolers\/wp-json\/wp\/v2\/pages\/128","targetHints":{"allow":["GET"]}}],"collection":[{"href":"https:\/\/blocs.tinet.cat\/bandolers\/wp-json\/wp\/v2\/pages"}],"about":[{"href":"https:\/\/blocs.tinet.cat\/bandolers\/wp-json\/wp\/v2\/types\/page"}],"author":[{"embeddable":true,"href":"https:\/\/blocs.tinet.cat\/bandolers\/wp-json\/wp\/v2\/users\/182"}],"replies":[{"embeddable":true,"href":"https:\/\/blocs.tinet.cat\/bandolers\/wp-json\/wp\/v2\/comments?post=128"}],"version-history":[{"count":0,"href":"https:\/\/blocs.tinet.cat\/bandolers\/wp-json\/wp\/v2\/pages\/128\/revisions"}],"wp:attachment":[{"href":"https:\/\/blocs.tinet.cat\/bandolers\/wp-json\/wp\/v2\/media?parent=128"}],"curies":[{"name":"wp","href":"https:\/\/api.w.org\/{rel}","templated":true}]}}