{"id":345,"date":"2012-07-25T08:29:34","date_gmt":"2012-07-25T08:29:34","guid":{"rendered":"http:\/\/llibretadhaikus.wordpress.com\/?page_id=345"},"modified":"2022-08-18T09:18:38","modified_gmt":"2022-08-18T09:18:38","slug":"345-2","status":"publish","type":"page","link":"https:\/\/blocs.tinet.cat\/artxart\/345-2\/","title":{"rendered":"*"},"content":{"rendered":"<p style=\"text-align: center\"><strong>No te fugida,<\/strong><br \/>\n<strong> atrapat dins el seu art.<\/strong><br \/>\n<strong> L&#8217;artista plora.<\/strong><\/p>\n<p style=\"text-align: center\"><strong>A la catifa,<\/strong><br \/>\n<strong> incr\u00e8dula s&#8217;atura ,<\/strong><br \/>\n<strong> la papallona.<\/strong><\/p>\n<p style=\"text-align: center\"><strong>Vola agn\u00f2stica<\/strong><br \/>\n<strong> a beure de l&#8217;aiguada,<\/strong><br \/>\n<strong> amb l&#8217;ou ballar\u00ed.<\/strong><\/p>\n<p style=\"text-align: center\"><strong>S&#8217;enarbora<\/strong><br \/>\n<strong> festejant la disbauxa,<\/strong><br \/>\n<strong> sona la Patum !<\/strong><\/p>\n<p style=\"text-align: center\"><em><strong>Tr\u00e8mula de goig<\/strong><\/em><br \/>\n<em><strong> Han florit els teus llavis<\/strong><\/em><br \/>\n<em><strong> Un altre pet\u00f3<\/strong><\/em><\/p>\n<p style=\"text-align: center\"><em><strong>Quina ventada!<\/strong><\/em><strong><br \/>\n<em><strong> als anys com a les fulles,<\/strong><\/em><br \/>\n<em><strong> se&#8217;ls end\u00fa el vent.<\/strong><\/em><\/strong><\/p>\n<p><strong> <\/strong><\/p>\n<p><strong> <\/strong><\/p>\n<p><strong> <\/strong><\/p>\n<p><strong> <\/strong><\/p>\n<p><strong> <\/strong><\/p>\n<p style=\"text-align: center\"><strong><em><strong>Al sostre del m\u00f3n,<\/strong><\/em><br \/>\n<em><strong> equilibris atrevits.<\/strong><\/em><br \/>\n<em><strong> -M&#8217;esglaien-<\/strong><\/em><\/strong><\/p>\n<p><strong> <\/strong><\/p>\n<p style=\"text-align: center\"><strong><em><strong>L&#8217;infant s&#8217;endinsa<\/strong><\/em><br \/>\n<em><strong> en el l\u00edquid element.<\/strong><\/em><br \/>\n<em><strong> Plaer ef\u00edmer.<\/strong><\/em><\/strong><\/p>\n<p><strong> <\/strong><\/p>\n<p><strong> <\/strong><\/p>\n<p style=\"text-align: center\"><strong><em><strong>Despr\u00e9s, al vespre,<\/strong><\/em><br \/>\n<em><strong>s&#8217;abracen amb deliri.<\/strong><\/em><br \/>\n<em><strong>Dia molt feixuc.<\/strong><\/em><\/strong><\/p>\n<p><strong> <\/strong><\/p>\n<p style=\"text-align: center\"><strong><em><strong>Valent observes<\/strong><\/em><br \/>\n<em><strong>la immensa sabana.<\/strong><\/em><br \/>\n<em><strong>F\u00e8lid poder\u00f3s.<\/strong><\/em><\/strong><\/p>\n<p><strong> <\/strong><\/p>\n<p><strong> <\/strong><\/p>\n<p><strong> <\/strong><\/p>\n<p><strong> <\/strong><\/p>\n<p><strong> <\/strong><\/p>\n<p style=\"text-align: center\"><strong><em><strong>Malura letal,<\/strong><\/em><br \/>\n<em><strong>mir\u00edades en paor.<\/strong><\/em><br \/>\n<em><strong>Escampa, boira!!!<\/strong><\/em><\/strong><\/p>\n<p><strong> <\/strong><\/p>\n<p style=\"text-align: center\"><strong><em><strong>Tot anir\u00e0 b\u00e9,<\/strong><\/em><br \/>\n<em><strong>Ens en sortirem, segur.<\/strong><\/em><br \/>\n<em><strong>Endavant, avant!<\/strong><\/em><\/strong><\/p>\n<p><strong><\/p>\n<p style=\"text-align: center\"><em><strong>El primer caf\u00e8<\/strong><\/em><br \/>\n<em><strong> espavila el dia.<\/strong><\/em><br \/>\n<em><strong> Claror intensa.<\/strong><\/em><\/p>\n<p style=\"text-align: center\"><em><strong>Guanyen, enganyen;<\/strong><\/em><br \/>\n<em> <strong> immobili\u00e0ries,<\/strong><\/em><br \/>\n<em> <strong> voltors del totxo.<\/strong><\/em><\/p>\n<p style=\"text-align: center\"><em><strong>Ama del teu cos<\/strong><\/em><br \/>\n<em><strong> Dona d&#8217;aigua, poeta.<\/strong><\/em><br \/>\n<em><strong> Mare dels teus fills.<\/strong><\/em><\/p>\n<p style=\"text-align: center\"><em><strong>Botigues amb cor,<\/strong><\/em><br \/>\n<em><strong> remembran\u00e7a d&#8217;un passat.<\/strong><\/em><br \/>\n<em><strong> Flaire agra\u00eft.<\/strong><\/em><\/p>\n<p style=\"text-align: center\"><em><strong>Miro al futur,<\/strong><\/em><br \/>\n<em><strong> atrapat en les ombres.<\/strong><\/em><br \/>\n<em><strong> Quina ventada!<\/strong><\/em><\/p>\n<p style=\"text-align: center\"><em><strong>Taula parada,<\/strong><\/em><br \/>\n<em><strong>conversa animada.<\/strong><\/em><br \/>\n<em><strong> Ferma amistat <\/strong><\/em><\/p>\n<p style=\"text-align: center\"><em><strong>A recer del m\u00f3n,<\/strong><\/em><br \/>\n<em><strong>el sol hi bada badoc.<\/strong><\/em><br \/>\n<em><strong> Llunes viscudes.<\/strong><\/em><\/p>\n<p style=\"text-align: center\"><em><strong>Enrojolada,<\/strong><\/em><br \/>\n<em><strong>banyista jovencella.<\/strong><\/em><br \/>\n<em><strong>Nuesa innocent. <\/strong><\/em><\/p>\n<p style=\"text-align: center\"><em><strong>Tatua&#8217;m de sal,<\/strong><\/em><br \/>\n<em><strong> al vespre car\u00edcies,<\/strong><\/em><br \/>\n<em><strong> mar juganera.<\/strong><\/em><\/p>\n<p style=\"text-align: center\"><em><strong>Mirant-se el sol,<\/strong><\/em><br \/>\n<em><strong>absort, el noi contempla,<\/strong><\/em><br \/>\n<em><strong>Neix un nou dia.<\/strong><\/em><\/p>\n<p style=\"text-align: center\"><em><strong>L&#8217;arbre es vincla,<\/strong><\/em><br \/>\n<em><strong>el vent se&#8217;l vol enduu,<\/strong><\/em><br \/>\n<em><strong>Ferm arrela fort.<\/strong><\/em><\/p>\n<p style=\"text-align: center\"><em><strong>Nit, negra lluna,<\/strong><\/em><br \/>\n<em><strong>rauxa capriciosa.<\/strong><\/em><br \/>\n<em><strong>Llum llun\u00e0tica.<\/strong><\/em><\/p>\n<p style=\"text-align: center\"><em><strong>Amunt m\u00e9s amunt!<\/strong><\/em><br \/>\n<em><strong> cercant nous auguris<\/strong><\/em><br \/>\n<em><strong> a prop l&#8217;astre rei.<\/strong><\/em><\/p>\n<p style=\"text-align: center\"><strong><em>Cam\u00ed d&#8217;escola<\/em><\/strong><br \/>\n<strong><em>s&#8217;aturen i vigilen<\/em><\/strong><br \/>\n<strong><em>el temps a venir.<\/em><\/strong><\/p>\n<p style=\"text-align: center\"><em><strong>Vent eixordador<\/strong><\/em><br \/>\n<em><strong>esborres les petjades,<\/strong><\/em><br \/>\n<em><strong>mentre fem cam\u00ed.<\/strong><\/em><\/p>\n<p style=\"text-align: center\"><em><strong>G\u00e8lid oratge,<\/strong><\/em><br \/>\n<em><strong>cobricel blanc de neu.<\/strong><\/em><br \/>\n<em><strong>Grans emocions.<\/strong><\/em><\/p>\n<p style=\"text-align: center\"><em><strong>Mantell de cendres,<\/strong><\/em><br \/>\n<em><strong>abrigues terres \u00edgnies.<\/strong><\/em><br \/>\n<em><strong>Reneix la vida.<\/strong><\/em><\/p>\n<p style=\"text-align: center\"><em><strong>Tardorencs colors,<\/strong><\/em><br \/>\n<em><strong>re\u00efxen degotant abstrets.<\/strong><\/em><br \/>\n<em><strong>Ment esc\u00e0pola.<\/strong><\/em><\/p>\n<p style=\"text-align: center\"><em><strong>El cel clama foll,<\/strong><\/em><br \/>\n<em><strong>bromes tempestuoses.<\/strong><\/em><br \/>\n<em><strong>Estibo els rems.<\/strong><\/em><\/p>\n<p style=\"text-align: center\"><em><strong>A cau d&#8217;orella,<\/strong><\/em><br \/>\n<em><strong>el tren ressona lluny\u00e0,<\/strong><\/em><br \/>\n<em><strong>el temps a venir.<\/strong><\/em><\/p>\n<p style=\"text-align: center\"><em><strong>Havent arribat,<\/strong><\/em><br \/>\n<em><strong>ja no hi ha tornada.<\/strong><\/em><br \/>\n<em><strong>Curts s\u00f3n els camins.<\/strong><\/em><\/p>\n<p style=\"text-align: center\"><em><strong>Abracen el bosc<\/strong><\/em><br \/>\n<em><strong>liquen i molsa, perfum.<\/strong><\/em><br \/>\n<em><strong>Flaire de vida.<\/strong><\/em><\/p>\n<p style=\"text-align: center\"><em><strong>Rovell arrogant,<\/strong><\/em><br \/>\n<em><strong> p\u00e0tina vermellosa.<\/strong><\/em><br \/>\n<em><strong> Ferralla d\u2019oblit.<\/strong><\/em><\/p>\n<p style=\"text-align: center\"><em><strong>Fred en la calma.<\/strong><\/em><br \/>\n<em><strong>La barca rau ortiva,<\/strong><\/em><br \/>\n<em><strong>un nou horitz\u00f3.<\/strong><\/em><\/p>\n<p style=\"text-align: center\"><em><strong>Cluc els ulls. Gronxa\u2019m,<\/strong><\/em><br \/>\n<em><strong>ingr\u00e0vid entre n\u00favols.<\/strong><\/em><br \/>\n<em><strong>Estel daurat.<\/strong><\/em><\/p>\n<p style=\"text-align: center\"><em><strong>Batecs a l\u2019espai,<\/strong><\/em><br \/>\n<em><strong>vestit acromi de gris.<\/strong><\/em><br \/>\n<em><strong>Callat sepulcral.<\/strong><\/em><\/p>\n<p style=\"text-align: center\"><em><strong>Pedra a pedra,<\/strong><\/em><br \/>\n<em><strong>ferms pilars de saviesa,<\/strong><\/em><br \/>\n<em><strong>des del temps del temps.<\/strong><\/em><\/p>\n<p style=\"text-align: center\"><em><strong>N\u00favols enrogits,<\/strong><\/em><br \/>\n<em><strong>cau de meditaci\u00f3,<\/strong><\/em><br \/>\n<em><strong>temps de letargia.<\/strong><\/em><\/p>\n<p style=\"text-align: center\"><em><strong>Ulls de feredat,<\/strong><\/em><br \/>\n<em><strong>esquerpa, fer\u00e9stega.<\/strong><\/em><br \/>\n<em><strong>La nit s&#8217;amaga.<\/strong><\/em><\/p>\n<p style=\"text-align: center\"><em><strong>Crit de fosca nit,<\/strong><\/em><br \/>\n<em><strong>plaer d&#8217;enamorada.<\/strong><\/em><br \/>\n<em><strong>Xiscle penetrant.<\/strong><\/em><\/p>\n<p style=\"text-align: center\"><em><strong>Esclat de vida,<\/strong><\/em><br \/>\n<em><strong>treu brosta la planta,<\/strong><\/em><br \/>\n<em><strong>Flors, llum i olors.<\/strong><\/em><\/p>\n<p style=\"text-align: center\"><em><strong>Bec de l&#8217;aiguada,<\/strong><\/em><br \/>\n<em><strong>fresca, neta i clara,<\/strong><\/em><br \/>\n<em><strong>a pols pouada.<\/strong><\/em><\/p>\n<p style=\"text-align: center\"><em><strong>L&#8217;alosa crida,<\/strong><\/em><br \/>\n<em><strong>esgarip, nit d&#8217;estiu.<\/strong><\/em><br \/>\n<em><strong>Llibertat fosa.<\/strong><\/em><\/p>\n<p style=\"text-align: center\"><em><strong>Mots de dol, de goig,<\/strong><\/em><br \/>\n<em><strong>canta enamorada.<\/strong><\/em><br \/>\n<em><strong>Delit sentit.<\/strong><\/em><\/p>\n<p style=\"text-align: center\"><em><strong>Temps de sequera,<\/strong><\/em><br \/>\n<em><strong>el terr\u00f2s clivella mut.<\/strong><\/em><br \/>\n<em><strong>El grill hi canta.<\/strong><\/em><\/p>\n<p style=\"text-align: center\"><em><strong>Eixalen veles,<\/strong><\/em><br \/>\n<em><strong>els n\u00favols van de pressa,<\/strong><\/em><br \/>\n<em><strong>No veurem port.<\/strong><\/em><\/p>\n<p style=\"text-align: center\"><em><strong>Renten i xerren,<\/strong><\/em><br \/>\n<em><strong>paraules tafaneres,<\/strong><\/em><br \/>\n<em><strong>se&#8217;n duu el riu.<\/strong><\/em><\/p>\n<p style=\"text-align: center\"><strong><em>A trenc d&#8217;alba<\/em><\/strong><br \/>\n<strong> <em>amb harmonia de blaus;<\/em><\/strong><br \/>\n<strong> <em>s\u00f3n bons auguris.<\/em><\/strong><\/p>\n<p style=\"text-align: center\"><strong><em>Plaers oblidats<br \/>\nsuren del desig etern.<br \/>\nGoig de viure.<\/em><\/strong><\/p>\n<p style=\"text-align: center\"><strong> <em>Dins del teu cau<\/em><br \/>\n<em> guaites amb esguard.<\/em><br \/>\n<em> Dia assolellat.<\/em><\/strong><em> <\/em><\/p>\n<p style=\"text-align: center\"><em><strong>Pausa, silencis&#8230;<\/strong><\/em><br \/>\n<em><strong> escriu la gran m\u00fasica.<\/strong><\/em><br \/>\n<em><strong> Ciutat deserta.<\/strong><\/em><\/p>\n<p style=\"text-align: center\"><em><strong>Poble acollidor,<\/strong><\/em><br \/>\n<em><strong> rotllana de germanor.<\/strong><\/em><br \/>\n<em><strong> Donem-nos les mans.<\/strong><\/em><\/p>\n<p style=\"text-align: center\"><em><strong>Equilibristes,<br \/>\nfun\u00e0mbuls amb els ulls clucs.<br \/>\nCerquen el futur.<\/strong><\/em><\/p>\n<p><\/strong><\/p>\n<p>&nbsp;<\/p>\n<p>&nbsp;<\/p>\n<p><strong> <\/strong><\/p>\n<p><strong> <\/strong><\/p>\n<p><strong> <\/strong><\/p>\n<p><strong> <\/strong><\/p>\n<p style=\"text-align: center\"><em><strong>Visca el xivarri!<\/strong><\/em><br \/>\n<em><strong> guspires d&#8217;alegria<\/strong><\/em><br \/>\n<em><strong> \u00e9s festa major<\/strong><\/em><\/p>\n<p style=\"text-align: center\"><em><strong>Ja hi arribo,<\/strong><\/em><br \/>\n<em><strong> el cam\u00ed fa pujada<\/strong><\/em><br \/>\n<em><strong> i jo vaig a peu.<\/strong><\/em><\/p>\n<p style=\"text-align: center\"><em><strong>Cultura al carrer.<\/strong><\/em><br \/>\n<em><strong> an\u00f2nim provocador.<\/strong><\/em><br \/>\n<em><strong> Art de protesta.<\/strong><\/em><\/p>\n<p style=\"text-align: center\"><em><strong>El risc de viure<\/strong><\/em><br \/>\n<em><strong> Immers en la mar blava.<\/strong><\/em><br \/>\n<em><strong> Ignot fons mar\u00ed<\/strong> <\/em><\/p>\n<ul><em> <\/em><\/ul>\n<p><em> <\/em><\/p>\n<p><em> <\/em><\/p>\n","protected":false},"excerpt":{"rendered":"<p>No te fugida, atrapat dins el seu art. L&#8217;artista plora. A la catifa, incr\u00e8dula s&#8217;atura , la papallona. Vola agn\u00f2stica a beure de l&#8217;aiguada, amb l&#8217;ou ballar\u00ed. S&#8217;enarbora festejant la disbauxa, sona la Patum ! Tr\u00e8mula de goig Han florit &hellip; <a href=\"https:\/\/blocs.tinet.cat\/artxart\/345-2\/\">Continua llegint <span class=\"meta-nav\">&rarr;<\/span><\/a><\/p>\n","protected":false},"author":136,"featured_media":0,"parent":0,"menu_order":0,"comment_status":"open","ping_status":"open","template":"","meta":{"footnotes":""},"class_list":["post-345","page","type-page","status-publish","hentry"],"_links":{"self":[{"href":"https:\/\/blocs.tinet.cat\/artxart\/wp-json\/wp\/v2\/pages\/345","targetHints":{"allow":["GET"]}}],"collection":[{"href":"https:\/\/blocs.tinet.cat\/artxart\/wp-json\/wp\/v2\/pages"}],"about":[{"href":"https:\/\/blocs.tinet.cat\/artxart\/wp-json\/wp\/v2\/types\/page"}],"author":[{"embeddable":true,"href":"https:\/\/blocs.tinet.cat\/artxart\/wp-json\/wp\/v2\/users\/136"}],"replies":[{"embeddable":true,"href":"https:\/\/blocs.tinet.cat\/artxart\/wp-json\/wp\/v2\/comments?post=345"}],"version-history":[{"count":0,"href":"https:\/\/blocs.tinet.cat\/artxart\/wp-json\/wp\/v2\/pages\/345\/revisions"}],"wp:attachment":[{"href":"https:\/\/blocs.tinet.cat\/artxart\/wp-json\/wp\/v2\/media?parent=345"}],"curies":[{"name":"wp","href":"https:\/\/api.w.org\/{rel}","templated":true}]}}