{"id":15,"date":"2011-11-23T11:32:02","date_gmt":"2011-11-23T11:32:02","guid":{"rendered":"https:\/\/blocs.tinet.cat\/actac\/?page_id=15"},"modified":"2011-12-18T21:48:03","modified_gmt":"2011-12-18T21:48:03","slug":"lema-casteller","status":"publish","type":"page","link":"https:\/\/blocs.tinet.cat\/actac\/el-origens-dels-castells\/lema-casteller","title":{"rendered":"Lema casteller"},"content":{"rendered":"<p>Els castellers tenen un lema, sorgit d&#8217;un vers de l&#8217;obra Els Xiquets de Valls d&#8217;en Josep Anselm Clav\u00e9[20]:<br \/>\n&#8220;For\u00e7a, Equilibri, Valor i Seny&#8221;. Aquest resumeix les caracter\u00edstiques d&#8217;un casteller:<\/p>\n<p>    For\u00e7a : S\u00f3n persones que antigament acostumaven a ser corpulentes. L&#8217;origen dels castells rau en una \u00e8poca en que el poble estava acostumat a feines molt dures. En aquells temps els castellers eren persones acostumades a fer grans esfor\u00e7os en el seu dia a dia. Tot i que sempre \u00e9s aconsellable un bon estat f\u00edsic, actualment es valora molt m\u00e9s la t\u00e8cnica que la for\u00e7a.<br \/>\n    Equilibri : El fet d&#8217;estar una persona sobre l&#8217;altra i, en la majoria de castells, a m\u00e9s amb altres persones en el mateix pis, implica un sentit de l&#8217;equilibri i la confian\u00e7a en els altres molt fort. De totes maneres el m\u00e9s important \u00e9s tractar de ser equilibrats en tots els sentits.<br \/>\n    Valor : Una caracter\u00edstica de tots els castellers, especialment dels que pugen al castell, sobretot la canalla, per\u00f2 tamb\u00e9 dels que aguanten la construcci\u00f3 des del seu peu.<br \/>\n    Seny : Tant a l&#8217;hora de planificar un castell, com a l&#8217;hora d&#8217;assajar-lo i tirar-lo a pla\u00e7a, es necessita que tothom tingui seny ja que de l&#8217;esfor\u00e7 i concentraci\u00f3 de tots dep\u00e8n l&#8217;\u00e8xit del castell.<\/p>\n<p>Tot i que el lema casteller es fonamenta tradicionalment en aquests quatre mots, n&#8217;hi ha molts d&#8217;altres igual, tant o m\u00e9s importants, necessaris per a la bona execuci\u00f3 de la pr\u00e0ctica castellera: const\u00e0ncia, treball, esfor\u00e7, regularitat, confian\u00e7a, compenetraci\u00f3, germanor, sort, etc.<\/p>\n","protected":false},"excerpt":{"rendered":"<p>Els castellers tenen un lema, sorgit d&#8217;un vers de l&#8217;obra Els Xiquets de Valls d&#8217;en Josep Anselm Clav\u00e9[20]: &#8220;For\u00e7a, Equilibri, Valor i Seny&#8221;. Aquest resumeix les caracter\u00edstiques d&#8217;un casteller: For\u00e7a : S\u00f3n persones que antigament acostumaven a ser corpulentes. L&#8217;origen &hellip; <a href=\"https:\/\/blocs.tinet.cat\/actac\/el-origens-dels-castells\/lema-casteller\">Continua llegint <span class=\"meta-nav\">&rarr;<\/span><\/a><\/p>\n","protected":false},"author":406,"featured_media":0,"parent":23,"menu_order":10,"comment_status":"open","ping_status":"closed","template":"","meta":{"footnotes":""},"class_list":["post-15","page","type-page","status-publish","hentry"],"_links":{"self":[{"href":"https:\/\/blocs.tinet.cat\/actac\/wp-json\/wp\/v2\/pages\/15","targetHints":{"allow":["GET"]}}],"collection":[{"href":"https:\/\/blocs.tinet.cat\/actac\/wp-json\/wp\/v2\/pages"}],"about":[{"href":"https:\/\/blocs.tinet.cat\/actac\/wp-json\/wp\/v2\/types\/page"}],"author":[{"embeddable":true,"href":"https:\/\/blocs.tinet.cat\/actac\/wp-json\/wp\/v2\/users\/406"}],"replies":[{"embeddable":true,"href":"https:\/\/blocs.tinet.cat\/actac\/wp-json\/wp\/v2\/comments?post=15"}],"version-history":[{"count":0,"href":"https:\/\/blocs.tinet.cat\/actac\/wp-json\/wp\/v2\/pages\/15\/revisions"}],"up":[{"embeddable":true,"href":"https:\/\/blocs.tinet.cat\/actac\/wp-json\/wp\/v2\/pages\/23"}],"wp:attachment":[{"href":"https:\/\/blocs.tinet.cat\/actac\/wp-json\/wp\/v2\/media?parent=15"}],"curies":[{"name":"wp","href":"https:\/\/api.w.org\/{rel}","templated":true}]}}