{"id":59,"date":"2012-02-01T06:04:54","date_gmt":"2012-02-01T06:04:54","guid":{"rendered":"https:\/\/blocs.tinet.cat\/acarn\/?page_id=59"},"modified":"2019-05-15T06:14:13","modified_gmt":"2019-05-15T06:14:13","slug":"liberalitzem-la-reproduccio-documental","status":"publish","type":"page","link":"https:\/\/blocs.tinet.cat\/acarn\/liberalitzem-la-reproduccio-documental\/","title":{"rendered":"Liberalitzem la Reproducci\u00f3 documental!"},"content":{"rendered":"<p><strong>Un dret cultural intr\u00ednsec: la reproducci\u00f3 particular de documents p\u00fablics<\/strong><\/p>\n<p>Entre les principals funcions d\u2019un arxiu hi ha la de conservar el material documental que custodia i la de disposar-lo per a la consulta dels usuaris. Una i altra funci\u00f3 no haurien de col\u00b7lidir i s\u00ed, en canvi, adaptar-se i complementar-se harm\u00f2nicament, en benefici de tots. Aix\u00ed ha estat durant molt de temps, per\u00f2 darrerament la situaci\u00f3 de l\u2019usuari en determinats arxius ha sofert una regressi\u00f3 que, tenint en compte que te\u00f2ricament el patrimoni documental pertany a tota la societat civil en general, resulta cada cop m\u00e9s inacceptable i preocupant.<\/p>\n<p>Ens hem de referir concretament a la prohibici\u00f3 que regeix en diversos arxius (sobretot els m\u00e9s grans i importants) de fer fotografies digitals dels documents amb c\u00e0meres particulars. Aquest procediment permet a l\u2019investigador reproduir centenars de documents en poques hores de feina (per treballar-los tranquilament a casa davant de l\u2019ordinador), i estalviar-se el cost de manta visites gratu\u00eftes als arxius (cost en temps invertit, per\u00f2 sobretot i pel que fa a arxius fora de l\u2019\u00e0mbit territorial de l\u2019investigador, en diners llargs).<\/p>\n<p>L\u2019argument d\u2019aquesta prohibici\u00f3 (quan el donen) \u00e9s el suposat malmetiment del suport documental a causa del flash que produeix cada fotografia. \u00c9s fals que existeixi degradaci\u00f3 per causa d\u2019un instantani cop de llum, i cas de poder-se provar (des de la recargolada teoria cient\u00edfica fins a la praxis convencional) aquest seria de l\u2019ordre d\u2019unes nanomil\u00b7l\u00e8ssimes del tot imperceptibles en l\u2019estructura i morfologia del suport. Amb tot,\u00a0actualment la gran majoria de c\u00e0meres tenen capacitat per dotar de prou qualitat les fotografies, amb poca llum ambiental i sense utilitzaci\u00f3 de flash.<\/p>\n<p>En b\u00e9 de la Investigaci\u00f3 cal acabar amb aquesta mena de pr\u00e0ctiques, injustes perqu\u00e8 el patrimoni documental \u00e9s de tota la comunitat (els arxius nom\u00e9s el custodien), i abusives perqu\u00e8 perjudiquen a l\u2019usuari per un motiu econ\u00f2mic. A Carn! en vol encetar un debat social, per\u00f2 sobretot aconseguir la seva immediata supressi\u00f3,per tal de contribuir a la difusi\u00f3 cultural universal i a la perviv\u00e8ncia dels bons h\u00e0bits d\u2019investigaci\u00f3. Creiem que no ha de ser dif\u00edcil un equilibri entre la conservaci\u00f3 dels suports i el seu \u00fas de consulta m\u00e9s c\u00f2mode i pr\u00e0ctic, i apel\u00b7lem al raonament i al sentit de la responsabilitat dels agents culturals.<\/p>\n<p>Aqui trobareu el nostre <strong>manifest per que es permeti i liberalitzi\u00a0 la reproducci\u00f3 fotogr\u00e0fica\u00a0 digital <\/strong>en l\u2019\u00e0mbit dels centres documentals, on s\u2019expliquen i especifiquen les bones raons que ens assisteixen.<\/p>\n<p style=\"text-align: center\"><a href=\"https:\/\/blocs.tinet.cat\/acarn\/files\/2012\/02\/ManifestRFDP.pdf\">Manifest<\/a><\/p>\n<p>Fem una crida a tothom que vulgui subscriurer-lo, per tal que ens faci arribar per email <strong>[manelguell@acarn.cat]<\/strong>: nom, cognoms, professi\u00f3 i adre\u00e7a electr\u00f2nica (no cal DNI). El comprom\u00eds d\u2019<em>A Carn!<\/em> \u00e9s el d\u2019anar actualitzant el llistat d\u2019aquests subscriptors, que teniu m\u00e9s avall al final.<\/p>\n<p style=\"text-align: center\"><a href=\"https:\/\/blocs.tinet.cat\/acarn\/files\/2012\/02\/GraellaRFDP.pdf\">Llistat dels qui ho subscrivim<\/a><\/p>\n<p>Els seg\u00fcents passos seran les entrevistes amb els agents culturals responsables (amb el suport, si D\u00e9u vol, d\u2019un nodrit nombre de signatures), sense descartar posteriors mesures de major incid\u00e8ncia p\u00fablica (publicacions del sector, els taulons dels propis arxius, la premsa, etc.). L\u2019entesa entre els investigadors ha de ser la base a trav\u00e9s de la qual s\u2019aconsegueixi redre\u00e7ar la situaci\u00f3, perjudicial per a un sector cultural sense el qual, reconegue-m\u2019ho, els centres documentals no tindrien ra\u00f3 de ser ni d\u2019existir.<\/p>\n<p>&nbsp;<\/p>\n","protected":false},"excerpt":{"rendered":"<p>Un dret cultural intr\u00ednsec: la reproducci\u00f3 particular de documents p\u00fablics Entre les principals funcions d\u2019un arxiu hi ha la de conservar el material documental que custodia i la de disposar-lo per a la consulta dels usuaris. Una i altra funci\u00f3 &hellip; <a href=\"https:\/\/blocs.tinet.cat\/acarn\/liberalitzem-la-reproduccio-documental\/\">Continua llegint <span class=\"meta-nav\">&rarr;<\/span><\/a><\/p>\n","protected":false},"author":424,"featured_media":0,"parent":0,"menu_order":0,"comment_status":"closed","ping_status":"closed","template":"","meta":{"footnotes":""},"class_list":["post-59","page","type-page","status-publish","hentry"],"_links":{"self":[{"href":"https:\/\/blocs.tinet.cat\/acarn\/wp-json\/wp\/v2\/pages\/59","targetHints":{"allow":["GET"]}}],"collection":[{"href":"https:\/\/blocs.tinet.cat\/acarn\/wp-json\/wp\/v2\/pages"}],"about":[{"href":"https:\/\/blocs.tinet.cat\/acarn\/wp-json\/wp\/v2\/types\/page"}],"author":[{"embeddable":true,"href":"https:\/\/blocs.tinet.cat\/acarn\/wp-json\/wp\/v2\/users\/424"}],"replies":[{"embeddable":true,"href":"https:\/\/blocs.tinet.cat\/acarn\/wp-json\/wp\/v2\/comments?post=59"}],"version-history":[{"count":0,"href":"https:\/\/blocs.tinet.cat\/acarn\/wp-json\/wp\/v2\/pages\/59\/revisions"}],"wp:attachment":[{"href":"https:\/\/blocs.tinet.cat\/acarn\/wp-json\/wp\/v2\/media?parent=59"}],"curies":[{"name":"wp","href":"https:\/\/api.w.org\/{rel}","templated":true}]}}