{"id":21,"date":"2012-01-24T18:54:08","date_gmt":"2012-01-24T18:54:08","guid":{"rendered":"https:\/\/blocs.tinet.cat\/acarn\/?page_id=21"},"modified":"2019-05-15T06:14:02","modified_gmt":"2019-05-15T06:14:02","slug":"la-nova-historia-militar","status":"publish","type":"page","link":"https:\/\/blocs.tinet.cat\/acarn\/la-nova-historia-militar\/","title":{"rendered":"La Nova Hist\u00f2ria Militar"},"content":{"rendered":"<div>\n<p>El projecte\u00a0<em>A Carn!<\/em> est\u00e0 concebut com una plataforma de participaci\u00f3 on poden confluir els investigadors, estudiosos i interessats en el tema de la Hist\u00f2ria Militar Catalana. De fet, sense l\u2019aportaci\u00f3 dels col\u00b7laboradors, seria molt dif\u00edcil (i no tindria massa sentit) mantenir la revista. Aquests col\u00b7laboradors (autodidactes, arxivers, acad\u00e8mics, universitaris, professors d\u2019institut, historiadors locals, etc.), formen part, en la seva majoria d\u2019una nova fornada d\u2019histori\u00f2grafs en la l\u00ednea de la\u00a0<em>New Military<\/em><em> History<\/em> nordamericana, concepte epistemol\u00f2gic que supera el discurs d\u2019hist\u00f2ria militar dita \u201cde trompetes i tambors\u201d, en la qual nom\u00e9s primaven dates, xifres d\u2019efectius, moviments de tropes i l\u2019exhaltaci\u00f3 del suposat heroisme de determinats personatges. El nou concepte d\u2019investigaci\u00f3 de la Hist\u00f2ria Militar es mou ara pels viaranys que menen a entendre l\u2019enorme drama hum\u00e0 que provoquen els conflictes b\u00e8l\u00b7lics, i sobretot la incid\u00e8ncia d\u2019aquests sobre la poblaci\u00f3 civil (en la mentalitat, en la demografia, en l\u2019economia, etc.), lligant-ho tot amb un esperit interdisciplinari que en permeti una lectura poli\u00e8drica, sota els prismes de l\u2019Economia, del Comer\u00e7, de la Mentalitat pol\u00edtica, de la Geografia Humana, de la Tecnologia, de la Literatura, de l\u2019Art, etc.<\/p>\n<\/div>\n<p>&nbsp;<\/p>\n","protected":false},"excerpt":{"rendered":"<p>El projecte\u00a0A Carn! est\u00e0 concebut com una plataforma de participaci\u00f3 on poden confluir els investigadors, estudiosos i interessats en el tema de la Hist\u00f2ria Militar Catalana. De fet, sense l\u2019aportaci\u00f3 dels col\u00b7laboradors, seria molt dif\u00edcil (i no tindria massa sentit) &hellip; <a href=\"https:\/\/blocs.tinet.cat\/acarn\/la-nova-historia-militar\/\">Continua llegint <span class=\"meta-nav\">&rarr;<\/span><\/a><\/p>\n","protected":false},"author":424,"featured_media":0,"parent":0,"menu_order":0,"comment_status":"closed","ping_status":"closed","template":"","meta":{"footnotes":""},"class_list":["post-21","page","type-page","status-publish","hentry"],"_links":{"self":[{"href":"https:\/\/blocs.tinet.cat\/acarn\/wp-json\/wp\/v2\/pages\/21","targetHints":{"allow":["GET"]}}],"collection":[{"href":"https:\/\/blocs.tinet.cat\/acarn\/wp-json\/wp\/v2\/pages"}],"about":[{"href":"https:\/\/blocs.tinet.cat\/acarn\/wp-json\/wp\/v2\/types\/page"}],"author":[{"embeddable":true,"href":"https:\/\/blocs.tinet.cat\/acarn\/wp-json\/wp\/v2\/users\/424"}],"replies":[{"embeddable":true,"href":"https:\/\/blocs.tinet.cat\/acarn\/wp-json\/wp\/v2\/comments?post=21"}],"version-history":[{"count":0,"href":"https:\/\/blocs.tinet.cat\/acarn\/wp-json\/wp\/v2\/pages\/21\/revisions"}],"wp:attachment":[{"href":"https:\/\/blocs.tinet.cat\/acarn\/wp-json\/wp\/v2\/media?parent=21"}],"curies":[{"name":"wp","href":"https:\/\/api.w.org\/{rel}","templated":true}]}}