{"id":140,"date":"2012-03-22T07:07:27","date_gmt":"2012-03-22T07:07:27","guid":{"rendered":"https:\/\/blocs.tinet.cat\/acarn\/?page_id=140"},"modified":"2019-05-15T06:13:55","modified_gmt":"2019-05-15T06:13:55","slug":"biblioteca-digital","status":"publish","type":"page","link":"https:\/\/blocs.tinet.cat\/acarn\/biblioteca-digital\/","title":{"rendered":"Biblioteca Digital"},"content":{"rendered":"<p>A aquesta secci\u00f3, penjem tots aquells productes digitals que ens envieu, relatius a la Hist\u00f2ria Militar de Catalunya o dels catalans.<\/p>\n<p style=\"text-align: justify\"><a href=\"https:\/\/blocs.tinet.cat\/acarn\/files\/2012\/03\/La-Guerra-del-Franc\u00e8s-a-la-Conca-de-Barber\u00e0.pdf\">DD.AA. La Guerra del Franc\u00e8s a la Conca de Barber\u00e0 (1808-1814). Montblanc: Centre d&#8217;Estudis de la Conca de Barber\u00e0 \/ Museu Arxiu de Montblanc i Comarca, 2010 (Monografies; XIV), 161 p.<\/a><\/p>\n<p style=\"text-align: justify\">\u00a0<\/p>\n<p style=\"text-align: justify\">\u00a0<\/p>\n<p style=\"text-align: justify\">\u00a0<\/p>\n<p style=\"text-align: center\">\u00a0<\/p>\n","protected":false},"excerpt":{"rendered":"<p>A aquesta secci\u00f3, penjem tots aquells productes digitals que ens envieu, relatius a la Hist\u00f2ria Militar de Catalunya o dels catalans. DD.AA. La Guerra del Franc\u00e8s a la Conca de Barber\u00e0 (1808-1814). Montblanc: Centre d&#8217;Estudis de la Conca de Barber\u00e0 &hellip; <a href=\"https:\/\/blocs.tinet.cat\/acarn\/biblioteca-digital\/\">Continua llegint <span class=\"meta-nav\">&rarr;<\/span><\/a><\/p>\n","protected":false},"author":424,"featured_media":0,"parent":0,"menu_order":0,"comment_status":"closed","ping_status":"closed","template":"","meta":{"footnotes":""},"class_list":["post-140","page","type-page","status-publish","hentry"],"_links":{"self":[{"href":"https:\/\/blocs.tinet.cat\/acarn\/wp-json\/wp\/v2\/pages\/140","targetHints":{"allow":["GET"]}}],"collection":[{"href":"https:\/\/blocs.tinet.cat\/acarn\/wp-json\/wp\/v2\/pages"}],"about":[{"href":"https:\/\/blocs.tinet.cat\/acarn\/wp-json\/wp\/v2\/types\/page"}],"author":[{"embeddable":true,"href":"https:\/\/blocs.tinet.cat\/acarn\/wp-json\/wp\/v2\/users\/424"}],"replies":[{"embeddable":true,"href":"https:\/\/blocs.tinet.cat\/acarn\/wp-json\/wp\/v2\/comments?post=140"}],"version-history":[{"count":0,"href":"https:\/\/blocs.tinet.cat\/acarn\/wp-json\/wp\/v2\/pages\/140\/revisions"}],"wp:attachment":[{"href":"https:\/\/blocs.tinet.cat\/acarn\/wp-json\/wp\/v2\/media?parent=140"}],"curies":[{"name":"wp","href":"https:\/\/api.w.org\/{rel}","templated":true}]}}